 20*z - 1014. Determine f(5).
-914
Let b(z) = -2*z**3 - 43*z**2 + 37*z + 118. Give b(-23).
854
Let v(m) = m**2 + 55*m + 550. What is v(-12)?
34
Let i(p) = 65*p**2 - 108*p - 534. What is i(-5)?
1631
Let r(p) = -1845*p - 3692. Give r(-2).
-2
Let t(o) = 33271*o - 5456441. Calculate t(164).
3
Let h(c) = -32312*c + 12924795. Determine h(400).
-5
Let q(a) = 3*a**2 + 105*a + 622. Determine q(-18).
-296
Let c(q) = 487*q - 20465. Give c(42).
-11
Let o(y) = -36*y**2 - 1345*y - 4113. Calculate o(-34).
1
Let j(u) = 2*u**3 + 55*u**2 - 140*u + 34. Give j(-30).
-266
Let z(t) = 59*t - 3291. Give z(52).
-223
Let p(w) = -4*w**3 - 10*w**2 - 1054*w - 10430. Give p(-10).
3110
Let o(s) = 15244*s + 487827. What is o(-32)?
19
Let m(d) = 67*d - 8758. Give m(126).
-316
Let u(q) = -q**3 - 104*q**2 - 223*q - 18. Calculate u(-2).
20
Let q(g) = -47*g**2 + 1772*g + 3550. Determine q(-2).
-182
Let u(c) = 3*c**3 + 17*c**2 + 287*c + 1330. Determine u(-5).
-55
Let h(w) = -w**3 + 58*w**2 + 260*w - 692. Give h(62).
52
Let g(h) = -h**3 - 289*h**2 - 646*h - 20654. What is g(-287)?
10
Let w(a) = 112513*a - 1237637. What is w(11)?
6
Let t(y) = 4*y**3 - 610*y**2 + 931*y - 3741. Calculate t(151).
34
Let l(o) = -o**2 - 56869*o + 284374. What is l(5)?
4
Let r(a) = -661*a - 17557. Determine r(-28).
951
Let o(g) = 2402*g + 181. Determine o(0).
181
Let i(c) = 18938*c - 189627. Determine i(10).
-247
Let z(c) = -3*c**2 - 5134*c - 51273. What is z(-10)?
-233
Let v(q) = 7*q**2 - 207*q + 1153. What is v(21)?
-107
Let a(x) = 4955*x - 64402. Give a(13).
13
Let k(t) = 4*t**3 - 2188*t**2 - 4399*t + 3845. What is k(549)?
2
Let u(j) = 2233*j - 133953. Give u(60).
27
Let j(l) = 1194*l**2 - 68*l + 66. Determine j(1).
1192
Let w(a) = -314*a**2 + 896*a - 2689. What is w(3)?
-2827
Let k(o) = -1062*o**2 - 58366*o + 2419. Calculate k(-55).
-1
Let c(w) = 21855*w + 677538. Calculate c(-31).
33
Let b(p) = -852*p - 14464. What is b(-17)?
20
Let l(w) = w**3 - 8*w**2 + 682*w - 7909. Give l(11).
-44
Let c(u) = -1016*u**2 + 2098*u - 11. What is c(2)?
121
Let i(r) = -5*r**3 + 366*r**2 + 291*r + 243. Calculate i(74).
-127
Let i(p) = -p**2 - 579*p - 79726. Determine i(-226).
52
Let q(r) = -87097*r - 2961344. Determine q(-34).
-46
Let q(j) = j**2 - 1525*j - 13837. What is q(-9)?
-31
Let y(b) = -2546*b**2 - 226594*b + 5. What is y(-89)?
5
Let h(i) = 2*i**2 + 376*i - 2823. Give h(-195).
-93
Let c(s) = -8038*s - 7282460. What is c(-906)?
-32
Let p(t) = -3*t**3 + 33*t**2 + 512*t - 4180. What is p(8)?
492
Let t(z) = -194*z + 7615. What is t(40)?
-145
Let g(w) = -w**3 - 82*w**2 + 308*w - 359. Determine g(-86).
2737
Let q(m) = 56*m**3 - 323*m**2 - 163*m + 542. What is q(6)?
32
Let w(d) = -34*d + 361. Give w(12).
-47
Let y(z) = -z**3 - 19*z**2 + 7*z + 343. Calculate y(-13).
-762
Let m(g) = -541*g + 4384. Calculate m(7).
597
Let q(m) = -m**2 + 5542*m - 345189. Give q(63).
-12
Let z(u) = 2*u**3 - 76*u**2 + 106*u + 917. Calculate z(34).
-4727
Let s(d) = -2*d**3 + 8*d**2 - 29376*d + 117509. Calculate s(4).
5
Let q(c) = -5*c**2 - 69030*c - 69031. Determine q(-1).
-6
Let y(q) = 1034*q + 420. What is y(3)?
3522
Let d(x) = -12*x + 1062. What is d(103)?
-174
Let r(d) = -118*d**2 + 2811*d - 4742. Determine r(22).
-12
Let z(r) = -2*r**2 - 48*r + 4032. What is z(-58)?
88
Let r(f) = -f**3 - 174*f**2 - 5803*f + 97. Calculate r(-45).
7
Let j(z) = z**3 - 189*z**2 + 780*z - 7396. Calculate j(185).
4
Let j(n) = n**2 - 379*n - 16546. Determine j(-41).
674
Let n(u) = -9*u**3 + 554*u**2 + 248*u + 6. Calculate n(62).
6
Let d(f) = -7598*f - 4748746. Calculate d(-625).
4
Let d(m) = -10016*m + 30555. Calculate d(3).
507
Let j(y) = y**3 - 15*y**2 + 95*y + 1. Calculate j(5).
226
Let k(m) = 3250*m - 2014991. Calculate k(620).
9
Let y(l) = -5*l**3 - 3*l**2 - 10*l + 30. Determine y(7).
-1902
Let y(a) = -a**3 + 2*a**2 - 145*a - 763. Calculate y(-5).
137
Let s(q) = -847*q + 434. What is s(0)?
434
Let o(r) = 2*r**3 + 280*r**2 - 1659*r - 194157. What is o(-141)?
0
Let p(a) = -147*a - 1555. What is p(-8)?
-379
Let o(x) = -118*x - 4705. What is o(-31)?
-1047
Let f(r) = -2*r**3 - 77*r**2 + 681*r - 386. Calculate f(-46).
28
Let f(k) = -3253*k + 4074. Calculate f(3).
-5685
Let n(o) = -328*o**3 - 597*o**2 + 17*o + 29. Give n(-2).
231
Let f(j) = -j**3 + 223*j**2 - 309*j - 29410. Determine f(221).
-17
Let c(d) = d**2 + 84*d + 661. Calculate c(-23).
-742
Let c(y) = y**3 - 24*y**2 + 4695*y - 118042. Give c(25).
-42
Let d(o) = -3*o**3 + 38*o**2 - 100*o + 32. Give d(10).
-168
Let n(x) = -544*x + 7323. Determine n(13).
251
Let u(f) = -13*f**3 - 3965*f**2 + 13*f + 4142. Give u(-305).
177
Let r(z) = -146*z**2 + 74*z - 3. Give r(0).
-3
Let u(f) = -57360*f - 688294. What is u(-12)?
26
Let t(j) = -j**3 + 35*j**2 - 164*j - 30. Determine t(29).
260
Let f(y) = 224*y - 13545. Calculate f(65).
1015
Let d(t) = -9*t**2 - 17*t + 80. Give d(-7).
-242
Let p(k) = 17540*k - 2315271. Calculate p(132).
9
Let w(g) = 10225*g - 184066. What is w(18)?
-16
Let c(n) = 309803*n + 2788236. Give c(-9).
9
Let a(v) = -v**3 - 38*v**2 + 93*v + 519. What is a(-40)?
-1
Let l(u) = -u**3 + 47*u**2 + 77*u - 1374. Give l(48).
18
Let i(p) = 2*p**3 + 246*p**2 + 4295*p + 218. What is i(-21)?
-13
Let s(w) = w**3 - 62*w**2 + 506*w + 2810. Determine s(51).
5
Let v(w) = -6*w**2 - 57*w + 1102. Calculate v(10).
-68
Let a(l) = -1204*l**2 + 44820*l - 10060. What is a(37)?
4
Let l(u) = 7*u**2 - 92*u + 53. Calculate l(14).
137
Let i(q) = 32482*q - 162377. Give i(5).
33
Let u(y) = -y**2 + 12361*y + 6778569. Give u(-526).
7
Let v(b) = -b**3 - 184*b**2 + 910*b - 6632. What is v(-189)?
-17
Let x(z) = 1523*z**2 - 3069*z + 7. Determine x(2).
-39
Let g(a) = 95*a**2 - 2599*a + 7673. What is g(24)?
17
Let l(m) = -1801*m + 6436. What is l(4)?
-768
Let j(s) = 1172*s + 45673. Calculate j(-39).
-35
Let p(o) = 2*o**2 - 143*o - 4407. Calculate p(-45).
6078
Let l(b) = 4509*b - 532074. Calculate l(118).
-12
Let j(f) = 763*f - 80867. Calculate j(106).
11
Let s(f) = f**3 - 46*f**2 - 1508*f + 4123. Calculate s(-24).
-5
Let t(j) = -14*j**3 - 1050*j**2 - 2*j - 91. Calculate t(-75).
59
Let d(x) = 5*x**2 - 1004*x - 51766. What is d(-44)?
2090
Let u(z) = -z**3 - 32*z**2 + 73*z + 2507. Determine u(-32).
171
Let o(n) = 30*n**3 - 54*n**2 + 121*n - 575. What is o(5)?
2430
Let s(c) = -157*c**2 - 104*c + 319. Determine s(3).
-1406
Let b(l) = 5*l**3 + l**2 + 85*l - 233. Give b(3).
166
Let v(q) = 10395*q - 3139316. Determine v(302).
-26
Let b(f) = 27498*f - 192480. Determine b(7).
6
Let h(w) = -1365*w - 19072. Calculate h(-13).
-1327
Let u(p) = 2*p**2 + 7349*p + 65980. Determine u(-9).
1
Let c(l) = -2*l**3 - 122*l**2 + 2816*l + 171778. What is c(-61)?
2
Let t(w) = -4*w**2 - 519*w - 6784. Determine t(-118).
-1238
Let w(m) = 4457*m + 120333. What is w(-27)?
-6
Let b(j) = -j**3 + 142*j**2 - 2359*j + 2690. What is b(123)?
-16
Let u(z) = -2*z**3 + 3*z**2 - 26*z - 163. Give u(-5).
292
Let z(t) = -t**3 + 89*t**2 + 371*t + 121. What is z(93)?
28
Let s(n) = -2*n**3 - 168*n**2 - 2299*n - 358. Calculate s(-17).
-1
Let m(p) = -3*p**2 - 295*p - 5432. Determine m(-24).
-80
Let b(v) = -v**3 - 62*v**2 - 7643*v - 497290. What is b(-64)?
54
Let v(t) = -5*t**3 - 76*t**2 - 240*t - 8. Give v(-4).
56
Let x(o) = 9616*o + 1644452. Calculate x(-171).
116
Let a(h) = -2*h**2 + 598*h + 3616. Give a(-6).
-44
Let p(k) = -278*k**3 - 49*k**2 - 98*k - 2. Calculate p(-2).
2222
Let h(k) = -2*k**3 + 160*k**2 - 1019*k + 339. Give h(73).
558
Let z(h) = h**2 + 295*h + 3931. Calculate z(-281).
-3
Let i(h) = -69*h - 1786. Calculate i(-49).
1595
Let l(t) = 31584*t + 63103. Calculate l(-2).
-65
Let g(f) = -4*f**3 + 67*f**2 + 15*f + 242. Give g(17).
208
Let x(j) = -4*j**3 - 59*j**2 + 35*j - 25. What is x(-15)?
-325
Let l(f) = 3343*f + 93526. What is l(-28)?
-78
Let c(u) = -2*u**2 + 206*u + 13733. Calculate c(-45).
413
Let c(r) = 9*r**3 + 327*r**2 - 184*r - 52. Determine c(-37).
-1458
Let b(m) = m**3 + 109*m**2 - 2956*m + 179. Give b(23).
2019
Let p(c) = -c**3 + 10*c**2 + 4309*c - 71244. What is p(17)?
-14
Let c(v) = 17120*v - 33052. Determine c(2).
1188
Let u(l) = -457*l + 12705. What is u(28)?
-91
Let u(v) = 12*v**2 - 539*v - 8. Determine u(45).
37
Let a(p) = 2579*p + 30893. Calculate a(-12).
-55
Let k(a) = a**3 + 169*a**2 + 1276*a + 108. Give k(-161).
2040
Let z(y) = -y**3 + 538*y**2 - 27841*